 + 4*g - 8. Let l(c) = 2*n(c) + 9*z(c). Calculate l(b).
-10
Let k = -3409 + 3418. Let t(d) = d**2 - 11*d + 5. Calculate t(k).
-13
Let a(j) = j**3 - 3*j**2 - 4*j + 1. Suppose -12 = 2*p, 2*k = 4*p + p + 38. Calculate a(k).
1
Suppose -16 = -4*t, t - 4 + 0 = 2*d. Let g(k) = -23 - 36 - 22 - k**3 - k**2 + 74 - k. Determine g(d).
-7
Let s be (-22140)/1620 - -1*14. Let w(p) be the first derivative of 5/2*p**2 - s*p**3 + 4 - 2*p. Determine w(4).
2
Let q(v) be the first derivative of -v**3/3 - 7*v**2 - 7*v + 8040. Let k = 20 - 33. Determine q(k).
6
Let c(r) be the second derivative of -r**5/20 - 5*r**4/12 - r**3/6 - r**2/2 + 9*r. Let s = -97 + 117. Suppose 9*x - 13*x = s. Give c(x).
4
Let b(t) be the first derivative of 7*t**3/3 - 2*t**2 - 94. Let x(y) = -361*y**2 + 209*y. Let f(u) = 209*b(u) + 4*x(u). Give f(1).
19
Let a(s) = 10*s**2 - 7*s - 18. Let u(f) = -20*f**2 + 13*f + 35. Let i(z) = 5*a(z) + 3*u(z). Let d(j) = 3*j**2 + j - 1. Let y(o) = -3*d(o) - i(o). What is y(9)?
6
Let u be 9/3*2/3. Let l(f) = 1. Let b(k) = -k - 4. Let g(m) = u*l(m) + b(m). Let z be 48/(-80) + (-1)/(15/36). What is g(z)?
1
Let t(b) be the first derivative of -b**2/2 + 5*b + 1. Suppose 184*i + 233*i = 2502. Calculate t(i).
-1
Let j(o) = 12*o - 87. Let w be j(7). Let b(c) = c**3 + 3*c**2 + 9*c + 18. Calculate b(w).
-9
Let u(t) = -t**3 + 2*t**2 - t + 1. Let s(v) = -2*v**3 - 10*v**2 - 8*v + 43. Let d(c) = s(c) - 4*u(c). Calculate d(9).
3
Let u(w) = w + 11. Suppose 0 = 11*m + 6*m - 306. Suppose -2*v - 39 = -5*r, -2*r - m = 4*v - 0*r. Give u(v).
4
Let i be ((-8)/(-14))/(1076/(-7532)). Let o(j) = -10*j - 15. Let m(z) = -2*z - 3. Let h(t) = -11*m(t) + 2*o(t). Give h(i).
-5
Let b(a) = -41 + 5165*a - 5165*a + a**2. Determine b(-7).
8
Let g(i) be the second derivative of i**5/20 + 5*i**4/12 - 2*i**3/3 - 9*i**2/2 + 2*i + 86. What is g(-4)?
23
Let r(m) = -15*m - 27. Let c(t) = 16 - 4395*t + 4401*t - 5. Let y(v) = -12*c(v) - 5*r(v). What is y(0)?
3
Let s(q) be the first derivative of q**6/180 - q**5/40 + q**4/12 + 16*q**3 - 62. Let w(j) be the third derivative of s(j). Give w(-3).
29
Let w(f) be the third derivative of -f**8/6720 - f**7/840 - f**6/720 + 29*f**4/24 + 2*f**2 - 44*f. Let u(s) be the second derivative of w(s). What is u(-2)?
-2
Let s(x) = -x**3 - 5*x**2 + 15*x + 24. Let a = -4431 - -4424. What is s(a)?
17
Let y = 825871 + -825877. Let q(i) = -i**3 - 7*i**2 - 8*i - 2. Let g(m) = 2*m**3 + 14*m**2 + 17*m + 5. Let f(v) = 3*g(v) + 7*q(v). Determine f(y).
-5
Let v(j) = -j**3 + 6*j**2 + 3. Let b(z) be the first derivative of -3*z**4/4 + 6*z**3 + z**2/2 + 8*z + 198. Let n(q) = -2*b(q) + 7*v(q). Calculate n(6).
-7
Let v(x) = 15*x**3 + x**2 + 2*x + 1. Let b(r) = -r**3 + 2020 + 3*r**2 - 2060 - 13*r + 0*r**3 + 2*r**3. Let p be b(-3). Determine v(p).
-15
Let g(z) = -695*z + 1 + 1402*z - 2 - 709*z. Let v = 5 + -5. Calculate g(v).
-1
Let m(v) = v**3 + 6*v**2 - 2. Let g = 64 - -22. Suppose -4*k - 4*r + 2*r + g = 0, -3 = -3*r. Let d be k/(-3) + 3 + (-3 - -1). What is m(d)?
-2
Let n(q) = 1 + 4 - 1 - 10906192*q + 10906204*q. Let l(j) = -j**3 + 7*j**2 - 7*j + 2. Let z be l(6). What is n(z)?
-44
Let j(n) = -n**2 - 30*n - 30. Let t(l) = 45*l**2 - 677*l + 1. Let h be t(15). Determine j(h).
-1
Let x(p) = 6*p + 31. Let c be x(-4). Suppose -5*g + c*g = 2*t - 38, 3*g = -4*t + 55. Suppose -k + 5*k = t. Let j(i) = -i**2 + 3*i + 1. Give j(k).
-3
Suppose -4*g + 14 = 2*r, -3*r - g = -2*r - 4. Let m(s) = -r - 18*s**2 - 14*s + 11*s + 13*s**2. What is m(-1)?
-3
Let k(t) be the third derivative of -t**6/120 + t**5/4 + 3*t**4/4 - 3*t**3 + 1127*t**2. Calculate k(16).
14
Let l be (-30)/9*60/50. Let j(g) = -3*g + 4. Let t(z) = 4*z - 6. Let h(x) = -7*j(x) - 5*t(x). Calculate h(l).
-2
Let u(m) = -4*m + 1. Let g be u(-1). Let k(x) = -5*x + 0*x - g + 2*x + 8. Let t(q) = -10*q + 9. Let i(l) = 14*k(l) - 4*t(l). Calculate i(7).
-8
Let u(v) be the second derivative of -1/12*v**4 + 7/2*v**2 - 309*v + 0 + 1/6*v**3. Calculate u(4).
-5
Let g(n) = -n**2 - 3*n. Let f(d) = 1. Let x be 7/21 - (-4)/3*2. Suppose 0 = -q - c - 1, -3*q + c = x*c. Let u(p) = q*f(p) + g(p). Determine u(-2).
4
Let x(l) be the first derivative of -l**6/360 + 3*l**5/40 - l**4/8 - 101*l**3/3 - 9. Let s(j) be the third derivative of x(j). What is s(8)?
5
Let j(z) = 11*z + 104. Let n(k) = -40*k - 419. Let t(c) = 11*j(c) + 3*n(c). Give t(0).
-113
Let c(o) be the third derivative of -o**6/120 + 4*o**5/15 - 5*o**4/8 - 13*o**3/6 + 325*o**2. Suppose 20*w + 44 - 344 = 0. Determine c(w).
-13
Let q(o) = 188*o - 374. Let i(t) = 9*t**2 + 16*t - 2. Let m be i(-2). Determine q(m).
2
Let i = -14976 - -14998. Let b(w) = -w**3 + 20*w**2 + 44*w - 10. What is b(i)?
-10
Let v(s) be the first derivative of 40 - 1/2*s**2 - 12*s. Calculate v(-9).
-3
Let t(j) = j**2 - 13*j - 63. Let b be t(-4). Let i(l) = 2*l - 4. Let a = 7 - 8. Let w(o) = 1. Let v(r) = a*i(r) + 2*w(r). Give v(b).
-4
Let b = -92 - -87. Let z(n) = -n**2 - 4*n + 14. Let i be z(-6). Let t(r) = -i*r - 1 - 1 + 0 + 3*r. Calculate t(b).
-7
Let k(h) = -h - 4. Let q be k(-9). Let a(i) be the second derivative of 1/3*i**3 - 3*i + 7 - 7/2*i**2. What is a(q)?
3
Let n be (-2 + 0 + 0)*675/(-50). Let b(q) = -n + 12 + 3*q + 23. What is b(-4)?
-4
Let a(l) = -11*l**3 - 4*l**2 - 4*l + 50. Let x(u) = 13*u**3 + 3*u**2 + 3*u - 60. Let v(r) = -6*a(r) - 5*x(r). Calculate v(-8).
-8
Let r = 11 - 9. Suppose 5*h = b + 5, r*b = -0*h - 2*h + 2. Let l(o) = 62*o + 3*o**2 + 1 - 63*o - o**3 - 3*o**3 - 4*o**2 + 0*o**3. Calculate l(h).
-5
Let j(x) = x**3 - 52*x**2 - 110*x + 82. Let u be j(54). Let a(s) = 2*s**3 + 50*s**2 - 52*s. Give a(u).
0
Suppose -10*g - 3 = -13*g. Let y(z) = z. Let v(i) = i**2 - 11*i - 2. Let t(w) = g*v(w) + 6*y(w). Let c = -3 + 9. Calculate t(c).
4
Let s(d) be the first derivative of d**2/2 - 14*d + 2. Let t(i) = 1. Let p be (2 + 1)/(336/224). Let v(q) = p*t(q) - s(q). Give v(0).
16
Let i(a) = a**3 - 6*a**2 - 3*a. Let g = -256 + 254. Determine i(g).
-26
Let s(g) = -g**3 - 42*g - 17*g**2 - 80*g + 142*g + 20. Give s(-18).
-16
Let q(k) = 6*k**2 + 2*k - 13. Let a = 3440 - 3444. Give q(a).
75
Let s(b) = b**3 + 8*b**2 - 10*b - 116. Let o be s(-5). Let g(n) be the first derivative of n + o + 4*n**2 - 1/3*n**3. Determine g(8).
1
Let f(b) = 2*b**2 - 11*b + 19. Let l(y) be the second derivative of -y**4/12 + 5*y**3/6 - 9*y**2/2 - 2*y - 3. Let d(a) = 2*f(a) + 5*l(a). Calculate d(4).
-11
Suppose 0 = 5*z - 5*k - 9 + 14, 4*z + 5*k = -22. Let n(h) = 3*h**2 + 5*h - 1. Give n(z).
11
Let r(a) = -20*a**2 + 3*a + 61. Let u(j) = -62*j**2 + 8*j + 173. Let w(z) = -17*r(z) + 6*u(z). Calculate w(1).
-34
Let q be 1*12/(-18)*(-537)/(-2). Let p = q + 175. Let n(w) = w**3 + 4*w**2 - 2*w - 2. Calculate n(p).
6
Let c(d) be the first derivative of -1/4*d**4 + 7/2*d**2 - 80 - 4/3*d**3 + 6*d. What is c(-5)?
-4
Let p be (-4)/(16/4) - -3. Suppose p*u - 8 = -0*u. Let x(d) = 8*d - u*d - 6*d. Give x(-2).
4
Let v(m) = 6807*m - 8 + 1 - 6809*m. Calculate v(-6).
5
Let n(k) = -662 + 2055 - 681 - 689 + 2*k. What is n(-18)?
-13
Let p(m) = -3*m - 44. Let c be 324/(-864) - (-342)/16. What is p(c)?
-107
Let a be ((-100)/(-85))/10 + 500/85. Let m(k) = -7*k + 43. What is m(a)?
1
Let v(a) = 33 + 12*a + 28 + a**2 + 31 + 29 - 113. What is v(-9)?
-19
Let f(d) = d**2 + 33*d + 222. Suppose q = -4*k - 58 + 45, 5*q + 5*k = -50. Determine f(q).
6
Let r(v) = 3*v**3 - 127*v**2 + 42*v + 5. Let u be r(42). Let l(a) be the first derivative of -a**3/3 + 5*a**2/2 - 2*a - 1. Give l(u).
-2
Let l(a) = a**2 - 16*a + 21. Let h be l(12). Let t = 29 + h. Let k(p) = 3 + 6*p - 7 - t*p - 5*p. Give k(4).
-8
Let n(r) = -3*r + 2*r - r**3 - 2*r + 5*r**2. Suppose -22*i + 27*i = -205. Let w = 45 + i. Give n(w).
4
Let g(s) = -s**3 - 9*s**2 - 19*s - 31. Let m be g(-7). Let o(y) = y + 7. Let q(f) = -4*f - 12. Let h(d) = -o(d) - q(d). Give h(m).
17
Let q(f) = -3*f - 21. Let y = 8564 - 8559. Determine q(y).
-36
Let t(c) = 5*c**3 + 3*c**2 - 3*c + 8. Let n(l) = -4*l**3 - l**2 + 2*l - 5. Let m(q) = 4*n(q) + 3*t(q). Calculate m(5).
-1
Let a(w) be the first derivative of 25*w + 141 - 3/2*w**2. Give a(12).
-11
Let q(v) = -v**2 - 38*v + 210. Let l = 22908 - 22951. Calculate q(l).
-5
Suppose -3*i + 3*w = 14 - 41, -4*i + 2*w + 32 = 0. Let b = 30 - 28. Let o(l) = -3*l**2 - 11*l - 2*l**b + 2 + 4*l**2 + 18*l. Calculate o(i)